 be q(10). Suppose -5*x = -8*x + 4*t + 37, 0 = -j*t + 8. List the prime factors of x.
3, 5
Let r be 2/(-3) + 33/9. Suppose r*f = 3 + 3. List the prime factors of f.
2
Let t(v) = 7*v**2 + 5*v + 1. What are the prime factors of t(-5)?
151
Suppose -10 = -4*g + 2*g. List the prime factors of 4/10 - (-33)/g.
7
Suppose 0 = w - 3 - 23. List the prime factors of w.
2, 13
Let w(p) = -p**3 + 5*p**2 + p + 4. What are the prime factors of w(5)?
3
Suppose y + 5*u = -9, 3*y + 9*u - 3 = 4*u. Let p be (-2)/y*(-16 - -1). Suppose -p*l - 36 + 121 = 0. What are the prime factors of l?
17
Let q = 36 - 10. List the prime factors of q/3 - (-6)/(-9).
2
Let r(i) = i**3 - 6*i**2 + i + 1. Let y be r(6). Suppose -y*b + 58 = -5*b. What are the prime factors of b?
29
Suppose 2*m - 540 = y, 2*m + y - 264 = m. List the prime factors of m.
2, 67
Let s = 1 - -1. Suppose b + 3*h = 5*h + 5, -s*h + 73 = 5*b. List the prime factors of b.
13
Suppose 4*p + 10 = 4*s - 86, 110 = 4*s + 3*p. List the prime factors of s.
2, 13
Suppose 4*y = -10 + 34. Let f(z) = 3*z + 8. Let g(t) = t + 4. Let u(o) = 2*f(o) - 5*g(o). List the prime factors of u(y).
2
Let r(y) = y**2 - 2*y + 1. Let g be r(5). Suppose -30 = -2*q + g. List the prime factors of q.
23
Let y = 4 - 0. List the prime factors of 6/y*228/18.
19
Suppose -5*m + 4*r = -180, 4 - 29 = -5*r. Let s = m + -28. What are the prime factors of s?
2, 3
Let i(k) = k**3 + k + 2. Let a be i(0). Let o be a/(-9) + 180/81. Let c(q) = 3*q**3 - q**2 - 2*q + 3. List the prime factors of c(o).
19
Suppose 0 = 3*f - 2*y + 4, -5*f + y - 1 + 6 = 0. Let t = 3 + f. Suppose t - 41 = -3*p. List the prime factors of p.
2, 3
Suppose -296 = -5*x + 2*k - 0*k, 3*k = -5*x + 306. List the prime factors of x.
2, 3, 5
Let p(d) = d**3 - 5*d - 1. Let b be p(4). Let u = b - 29. What are the prime factors of u?
2, 7
Let o = 581 - 341. What are the prime factors of o?
2, 3, 5
Suppose w + 259 = 3*z, -z + 155 - 50 = -5*w. What are the prime factors of z?
5, 17
Let q(p) = -5*p - 13. List the prime factors of q(-10).
37
Suppose 2*d = -0 - 2. What are the prime factors of (-2 + 0 + -1)/d?
3
Suppose -5*o = -0*o - 3*f - 1405, 0 = 2*f. List the prime factors of o.
281
Let x = -20 - -50. What are the prime factors of x?
2, 3, 5
Suppose 5 = 5*b + 30. Let o(g) = g**2 + 2*g - 6. What are the prime factors of o(b)?
3
Let n = 50 - -83. List the prime factors of n.
7, 19
Let x(y) = y - 12. Let p be 1/2 - 18/(-4). Let u(n) = -n + 12. Let f(k) = p*u(k) + 4*x(k). What are the prime factors of f(0)?
2, 3
Suppose 3*o - 2*v = 12, v = 3*o - 0*o - 15. Suppose -o*n + 30 = -n. Suppose -2*p = 5*g + 19, -3*p - g = -n*g - 34. List the prime factors of p.
3
Suppose -1102 = -8*b - 414. What are the prime factors of b?
2, 43
Suppose -4*v + 3*p = -210 + 19, 2*v - 93 = -p. List the prime factors of v.
47
What are the prime factors of (8 + -7)*(1 + 1 - -38)?
2, 5
Suppose 6 = -4*q - 14. Let x = -3 + q. Let d = 3 - x. List the prime factors of d.
11
List the prime factors of (9/(-6))/((-2)/76).
3, 19
Let y = -3 + -15. Let g be 4*3/(y/(-51)). Suppose -l + g = l. What are the prime factors of l?
17
Suppose 5*d - z = 132, z = 2*d + 2*z - 57. List the prime factors of d.
3
Suppose 2*u + 1 - 47 = 0. What are the prime factors of u?
23
Let i(c) = -c + 1. Suppose -5*l = -h + 2, 5 + 4 = -2*h - 3*l. List the prime factors of i(h).
2
Let y(c) = -c - 1. Suppose 7 = -5*n - k, 2*n + 0*k - 3*k = -13. Let z be y(n). List the prime factors of 7 - (-2)/(z + 1).
2
Suppose -7 = 5*o - 57. List the prime factors of (-230)/(-18) + o/45.
13
Let k(n) = -n**2 - 2*n - 2. Let l(i) = -2*i - 2. Let j(r) = -4*k(r) + 3*l(r). Let o = -5 + 3. List the prime factors of j(o).
2, 7
Let o(v) be the third derivative of v**6/120 + v**5/30 + v**4/8 + v**3/3 - 3*v**2. Let n be o(-2). List the prime factors of (-122)/(-6) - n/(-12).
2, 5
Suppose -5*x - 3 = 3*u, x + 2 = -2*x - 2*u. Let c(r) = r**3 + 5*r**2 - 9*r - 13. Let w be c(-6). Suppose 15 = w*l - x*l. List the prime factors of l.
3
Let x(k) = -2*k + 1. Let l be x(-1). Let o(y) = 2*y**2 + 0*y - y**3 - l + 3*y + 7. What are the prime factors of o(3)?
2
Let d = 7 - 10. Let u be -9*(1 - 0) + d. What are the prime factors of (-62)/u - 8/48?
5
Let r(k) = 22*k**2 + 2. What are the prime factors of r(-2)?
2, 3, 5
Suppose 5*f + 121 = 5*q - 89, -2*f = -4*q + 168. What are the prime factors of q?
2, 3, 7
Suppose d = 5*o - 0*o + 138, 2*o - 8 = 0. List the prime factors of d.
2, 79
Let v(o) = o**2 + 4*o + 1. Let n be (-6 + 12)*(-2)/(-4). What are the prime factors of v(n)?
2, 11
Let b = 486 - 158. What are the prime factors of b?
2, 41
Let d(m) be the third derivative of -7*m**4/24 - m**3/3 + m**2. List the prime factors of d(-2).
2, 3
Let z = 15 - -35. List the prime factors of z.
2, 5
Suppose -6 = 3*r, 0 = 4*c - 4*r - 0*r - 1288. List the prime factors of (-12)/(-21) - c/(-28).
2, 3
List the prime factors of (73/(-2))/(-4 + (-28)/(-8)).
73
Let m = -18 - -14. What are the prime factors of 180/(-24)*m/3?
2, 5
Suppose -2*d + 1 + 5 = 0. Suppose j - d*j + 12 = 0. Let u(k) = k**3 - 5*k**2 - 6*k + 2. List the prime factors of u(j).
2
Let g = 13 - -9. Let i = -13 + g. Let c(b) = b**2 - 8*b. List the prime factors of c(i).
3
Suppose 5*x + 0*x = 0. Let q be (12 - (1 - x)) + 1. Let z = -8 + q. What are the prime factors of z?
2
Let u = -8 + 16. Suppose 2*z - 5*q - u = 4, 2*q - 56 = -3*z. What are the prime factors of z?
2
Let h = -15 + 22. Let s(q) = q**3 - 7*q**2 + 10*q - 8. Let z be s(h). Suppose -z + 6 = -4*d. List the prime factors of d.
2, 7
Let w be 325 - 0 - (-1 - -4). Suppose -w = -5*o - a, 3*o + a + a - 189 = 0. Suppose -5*n + l + 79 = 0, o = 3*n - 3*l - 2*l. List the prime factors of n.
3, 5
Suppose 19*z + 984 = 23*z. What are the prime factors of z?
2, 3, 41
Suppose -3*d + 127 = 4*s, -3*d - 5*s = -47 - 81. Suppose 0*o + d = o. List the prime factors of o.
41
Let a = 6 - 2. Let m be ((-6)/a)/(3/(-8)). Let f = 4 + m. What are the prime factors of f?
2
What are the prime factors of 3/((-9)/(-22))*3?
2, 11
Let i(y) = -y**3 - 2*y**2 + 2. Let h be i(-2). Suppose -6 = h*c - 3*c + a, -19 = -4*c + 5*a. What are the prime factors of c?
11
Let q be ((-5)/1)/(2/(-2)). Suppose -27 = -q*x + 38. List the prime factors of x.
13
Suppose 0 = 2*n + 4*r - 46, 0 = -8*n + 3*n + 2*r + 127. List the prime factors of n.
5
Let t(c) = -c**2 + 6*c + 2. Let r be t(6). Suppose -z + 2*z = -3*g - 1, r*z - 3*g - 7 = 0. Suppose 0 = z*p - 4 - 8. What are the prime factors of p?
2, 3
List the prime factors of (-2)/(3 + (-286)/94).
47
Let i(y) = 4*y - 16. Let u(x) = -14 + 5*x - 19 + 4*x. Let f(q) = -7*i(q) + 3*u(q). List the prime factors of f(10).
3
Suppose 4*z + 14 + 6 = -4*b, -2*z = 5*b + 4. Let c(p) = -3*p. List the prime factors of c(z).
3, 7
Suppose 89 = 3*i + 2*u, -2*i + 5*i - u - 77 = 0. What are the prime factors of i?
3
Let u be 3 + 54/(-3) + -3. Let m = u - -60. What are the prime factors of m?
2, 3, 7
Suppose -2*w - w - 5*r + 3 = 0, 0 = -4*w - 2*r + 4. Let a(l) = 4*l**2 + 1. Let j be a(w). Suppose -22 = -j*h + 3. What are the prime factors of h?
5
Let v(m) = m**3 - 9*m**2 - 9*m - 8. Let d be v(10). What are the prime factors of ((-13)/2)/(d/(-4))?
13
Let s(m) = m**2 - m + 2. Let o(u) = -u**3 + 3*u + 2. Let v be o(-2). List the prime factors of s(v).
2, 7
Let t = 13 + -10. List the prime factors of 14/3*9/t.
2, 7
Let w(n) = n - 17. Let d be w(-14). Let z = -11 - d. What are the prime factors of z?
2, 5
Let n = 59 + -24. Let j = -23 + n. List the prime factors of j + 1/2*6.
3, 5
Suppose 3*x - 4*c = 234, 0 = 2*x - c + 4*c - 139. List the prime factors of x.
2, 37
Let b be 1/(-5) + (-14)/5. List the prime factors of (2/b)/((-2)/24).
2
Let x(h) = 3*h - 20. What are the prime factors of x(16)?
2, 7
Suppose 0 = -2*d + 4 + 34. Let l = -147 + 150. Suppose 0 = l*c - 14 - d. List the prime factors of c.
11
Suppose -3*v - 32 = -s - 0*v, -3*v + 106 = 5*s. What are the prime factors of s?
23
Let n(u) = 2*u**2 - 25*u + 5. List the prime factors of n(18).
7, 29
Suppose z + 28 = 4*h, 2*z = -2*z. Suppose -g + h*g = 102. List the prime factors of g.
17
Let o(k) = -k**3 - 7*k**2 + 8*k - 14. List the prime factors of o(-9).
2, 19
What are the prime factors of (-5)/(-2)*530/25?
53
Suppose 4*t + 82 + 46 = 0. Let z = t + 59. List the prime factors of z